 factor of 258729648?
True
Does 129 divide 180246869?
False
Does 3202 divide 856935250?
True
Does 10 divide 8097990?
True
Is 66495912 a multiple of 24?
True
Does 4 divide 187387864?
True
Does 1800 divide 308124330?
False
Does 684 divide 8967245?
False
Does 16 divide 34808740?
False
Does 1588 divide 1428747277?
False
Is 1280409325 a multiple of 4529?
False
Is 91 a factor of 10224851?
True
Is 1189 a factor of 85587740?
False
Is 470 a factor of 13209975?
False
Does 17 divide 642785538?
True
Is 349 a factor of 2018032060?
False
Is 9946416 a multiple of 86?
True
Is 992287050 a multiple of 15?
True
Does 9 divide 6882007?
False
Is 160800107 a multiple of 13?
True
Is 41463327 a multiple of 241?
True
Is 35895959 a multiple of 12?
False
Is 2 a factor of 8080642?
True
Does 8 divide 106832?
True
Is 81 a factor of 35013489?
False
Does 1203 divide 1450019876?
False
Is 66 a factor of 1409430?
True
Is 55 a factor of 32992826?
False
Does 62 divide 1012696282?
True
Is 63017268 a multiple of 6?
True
Is 9 a factor of 26355696?
False
Is 30822927 a multiple of 7?
False
Is 456719655 a multiple of 2?
False
Is 45 a factor of 134903774?
False
Is 304557560 a multiple of 163?
False
Is 9916 a factor of 396768908?
True
Does 14 divide 131636940?
False
Is 988078750 a multiple of 3511?
False
Does 65 divide 63032758?
False
Is 4037415 a multiple of 355?
True
Does 2560 divide 4253235200?
True
Is 32 a factor of 2300357516?
False
Does 156 divide 452387405?
False
Is 118 a factor of 2293369648?
True
Does 1682 divide 134692320?
False
Is 43890704 a multiple of 223?
False
Is 488244333 a multiple of 86?
False
Is 1790 a factor of 184784370?
False
Is 2184 a factor of 436359220?
False
Does 10 divide 58343279?
False
Does 33 divide 27783789?
True
Does 754 divide 318797232?
True
Is 76347232 a multiple of 52?
True
Is 1257220 a multiple of 4?
True
Is 3773536 a multiple of 13?
True
Does 14 divide 5028689?
False
Does 52 divide 29802908?
False
Is 543018719 a multiple of 67?
True
Is 218875280 a multiple of 208?
True
Does 3 divide 1334564?
False
Is 226 a factor of 23581399?
False
Does 541 divide 9683900?
True
Is 187214968 a multiple of 10?
False
Is 255386934 a multiple of 237?
True
Is 10 a factor of 109756280?
True
Does 2471 divide 826690347?
True
Is 2483 a factor of 217743200?
False
Does 17 divide 45275382?
False
Is 1235 a factor of 23065580?
False
Does 29 divide 34240503?
True
Is 111 a factor of 27835470?
True
Is 20 a factor of 222493224?
False
Is 1206988 a multiple of 7?
False
Is 47564536 a multiple of 5476?
True
Is 391015409 a multiple of 14?
False
Does 25 divide 129217050?
True
Is 554179815 a multiple of 955?
True
Is 12 a factor of 547581609?
False
Does 583 divide 119393736?
True
Is 1447245604 a multiple of 69?
False
Does 289 divide 8221844?
False
Does 5 divide 426510865?
True
Does 613 divide 429713?
True
Is 8 a factor of 117578594?
False
Does 525 divide 4298082?
False
Is 269 a factor of 16575683?
False
Is 252 a factor of 6618276?
True
Is 259 a factor of 463983501?
False
Is 176 a factor of 682056496?
True
Does 285 divide 309762293?
False
Is 41 a factor of 92917562?
True
Is 13 a factor of 10660802?
False
Does 106 divide 47938785?
False
Does 27 divide 15156072?
True
Is 117 a factor of 563296?
False
Is 6992097 a multiple of 30?
False
Is 30 a factor of 66682860?
True
Does 20 divide 562558140?
True
Is 862 a factor of 161041426?
True
Is 45876114 a multiple of 6?
True
Is 20875015 a multiple of 133?
True
Is 38831303 a multiple of 222?
False
Does 6 divide 249618276?
True
Is 1553980 a multiple of 94?
False
Is 11 a factor of 1010412448?
False
Is 40 a factor of 365220312?
False
Is 14651684 a multiple of 12?
False
Does 25 divide 591632230?
False
Is 2593538992 a multiple of 236?
True
Is 34516763 a multiple of 9?
False
Does 31 divide 848516801?
False
Is 1289946204 a multiple of 25?
False
Is 150922241 a multiple of 69?
False
Is 769060005 a multiple of 32?
False
Does 3645 divide 46178505?
True
Does 1690 divide 48014677?
False
Is 25 a factor of 856533839?
False
Is 87 a factor of 49596007?
False
Does 12620 divide 290487160?
True
Is 4 a factor of 969420?
True
Does 263 divide 174638838?
True
Does 12 divide 3425066064?
True
Is 11 a factor of 52912881?
False
Does 246 divide 466857777?
False
Does 88 divide 413209808?
True
Does 3790 divide 663572150?
True
Is 714921714 a multiple of 1014?
True
Is 6838 a factor of 2049494232?
False
Is 871 a factor of 100945571?
False
Does 759 divide 1702500146?
False
Does 5793 divide 2852845111?
False
Is 33433832 a multiple of 630?
False
Is 139729411 a multiple of 326?
False
Is 5588067 a multiple of 177?
True
Is 755 a factor of 5539435?
True
Is 143 a factor of 1122836?
True
Is 1468800716 a multiple of 5?
False
Is 1318 a factor of 231698046?
False
Does 77 divide 79109890?
False
Is 2966 a factor of 222617646?
False
Does 1060 divide 406128087?
False
Is 288667665 a multiple of 285?
True
Does 82 divide 585019816?
True
Does 30 divide 70804080?
True
Is 206 a factor of 12593329?
False
Is 19 a factor of 2442630899?
True
Is 304563840 a multiple of 1920?
True
Is 96047535 a multiple of 336?
False
Is 36 a factor of 232500924?
True
Is 414191064 a multiple of 1211?
True
Is 5368 a factor of 582213369?
False
Does 4 divide 6158656?
True
Is 521 a factor of 1974327850?
False
Is 44604355 a multiple of 20?
False
Does 35 divide 234889335?
False
Is 612310098 a multiple of 52?
False
Is 815 a factor of 411837285?
False
Is 556725638 a multiple of 3149?
False
Is 12 a factor of 13087769?
False
Is 120 a factor of 6515290200?
True
Is 12537990 a multiple of 81?
True
Does 65 divide 119430870?
True
Is 425 a factor of 150416203?
False
Is 190 a factor of 89609700?
True
Does 2068 divide 124945205?
False
Is 39194692 a multiple of 316?
False
Is 1810650159 a multiple of 1161?
False
Does 12 divide 616358741?
False
Does 187 divide 40503265?
True
Is 15 a factor of 122907654?
False
Is 7 a factor of 114696699?
False
Does 103 divide 75367600?
False
Is 32430580 a multiple of 1339?
True
Is 6 a factor of 56618664?
True
Does 9 divide 624599469?
True
Does 9 divide 750274642?
False
Is 21721832 a multiple of 11?
True
Does 2126 divide 157730066?
True
Does 70 divide 61015313?
False
Is 530096875 a multiple of 578?
False
Does 1962 divide 6908202?
True
Does 27 divide 16310160?
True
Is 76 a factor of 566009088?
True
Is 36603984 a multiple of 12?
True
Does 655 divide 101539989?
False
Is 3 a factor of 2152610?
False
Is 379 a factor of 332914905?
False
Does 501 divide 3553430676?
True
Is 119723140 a multiple of 1776?
False
Does 460 divide 5230008?
False
Is 708576586 a multiple of 207?
False
Is 2626 a factor of 41894026?
False
Is 24230752 a multiple of 106?
True
Is 36 a factor of 14928984?
True
Is 25 a factor of 56043051?
False
Does 3499 divide 152395446?
True
Does 453 divide 5327176?
False
Is 7 a factor of 196985838?
True
Is 672 a factor of 485802912?
True
Is 70 a factor of 20154820?
True
Is 157 a factor of 134298067?
False
Is 184 a factor of 9168536?
True
Does 20 divide 264403000?
True
Does 21 divide 129249365?
False
Is 257 a factor of 164927349?
False
Does 68 divide 2008247468?
True
Is 135 a factor of 8490555?
True
Is 1847367197 a multiple of 12?
False
Is 174 a factor of 9653346?
True
Does 756 divide 269913168?
True
Is 410945778 a multiple of 199?
False
Does 251 divide 429822942?
True
Does 11 divide 223719474?
True
Is 18436250 even?
True
Is 443 a factor of 135545605?
False
Does 3 divide 44963859?
True
Is 8303 a factor of 1841398456?
False
Is 72 a factor of 27381051?
False
Is 209313280 a multiple of 640?
True
Is 800326824 a multiple of 88?
True
Is 869514435 a multiple of 6729?
False
Does 50 divide 1976361116?
False
Does 1843 divide 32593650?
False
Is 321 a factor of 417903892?
False
Is 636 a factor of 24530520?
True
Does 7 divide 217517461?
True
Is 639453984 a multiple of 312?
True
Is 65917170 a multiple of 10?
True
Is 40589952 a multiple of 1222?
True
Is 831 a factor of 47737626?
True
Is 4958315040 a multiple of 16?
True
Does 161 divide 2251504500?
True
Is 6062 a factor of 642391779?
False
Is 14576100 a multiple of 5?
True
Is 34053816 a multiple of 236?
False
Does 335 divide 25766860?
True
Is 453076098 a multiple of 202?
False
Does 890 divide 60006218?
False
Is 84909153 a multiple of 723?
False
Is 12619 a factor of 669105083?
False
Does 5 di